p + s. What are the prime factors of u?
2
Suppose -r - 9 = 4*h - 57, -h = 4*r + 3. List the prime factors of h.
13
Suppose 0 = 5*b - 98 - 37. Let v = b + -5. What are the prime factors of v?
2, 11
Let z(u) = -13*u**2 - 11*u + 20. Let x(d) = -7*d**2 - 6*d + 10. Let c(y) = -11*x(y) + 6*z(y). Let b be 1 - 0 - 1 - 0. What are the prime factors of c(b)?
2, 5
Let b = -168 - -265. List the prime factors of b.
97
What are the prime factors of 14/(-21) - 7/6*-28?
2
Let u = 60 + -35. Suppose -3*m - 5*o - u = -5*m, m + 25 = -5*o. Suppose m = -4*g - 5*h + 21, -2*g = -h + 3*h - 12. List the prime factors of g.
3
Suppose 2*p + 8 = 3*p. Suppose -3*b + 41 = p. What are the prime factors of b?
11
Let j = -12 + 17. Let p(c) = 11 - j + 2 - c. List the prime factors of p(-11).
19
Let b be (5/10)/(2/24). Let q(s) = -s + 13. List the prime factors of q(b).
7
Let n(s) = -2*s**2 - 9*s - 3. Let v(g) = -4*g**2 + g. Let j be v(1). Let y(r) = r**2. Let z(f) = j*y(f) - n(f). List the prime factors of z(9).
3
Suppose 5*v + 2*f = -f + 26, -5*f + 10 = 0. List the prime factors of ((-58)/(-5))/(v/10).
29
Suppose -2*d - a = -303, 4*a + 150 = -3*d + 607. What are the prime factors of d?
151
Suppose -5*a + 4*f + 1066 = 0, 4*a + 4*f - 607 - 253 = 0. List the prime factors of a.
2, 107
Suppose -4 = -2*a + d, -2*a - 4*d - 8 = d. Suppose -y + a = -3. List the prime factors of (-6)/y*(-16 + 4).
2, 3
Let r be (-4)/(-26) - (-148)/52. List the prime factors of 2/r*6 - -21.
5
Let o = 47 + -1. List the prime factors of o.
2, 23
Let g(i) = -3*i + 10. List the prime factors of g(-3).
19
Suppose -10 = -2*j, 10 = 5*m - 0*j - 4*j. Suppose v - m*v + 10 = 0. Let l = 8 + v. List the prime factors of l.
2, 5
Suppose 4*b - 5*c = -20, -2*b - 2*c + 8 = -b. Suppose -5 = 2*v + 1. List the prime factors of (-4)/6*v - b.
2
Suppose -2*y - 116 = -2*k + y, k - y = 60. What are the prime factors of k?
2
Let r = 3 + -3. Let x be (1 + r)*(-4 - -4). Suppose 2*m - 3*m + 3 = x. What are the prime factors of m?
3
Let c = 19 - -6. Suppose 7*k - 2*k = c. List the prime factors of k.
5
Suppose -2*p + 124 = 2*p. List the prime factors of p.
31
Suppose 0 = 4*v - 73 - 51. What are the prime factors of v?
31
Suppose 12 = 3*s, 3*s = -u - s + 106. What are the prime factors of u?
2, 3, 5
Suppose 6*m - 4*m - 10 = 0. Suppose -2*s + 2*c = -12, -m*s + 42 = 5*c - 8. List the prime factors of s.
2
Suppose 0 = 5*m - 6 + 1. List the prime factors of (14 + m)/((-6)/(-4)).
2, 5
Let a be (-4)/(-8) - (-5)/2. Suppose a*d - d = 20. List the prime factors of d.
2, 5
Suppose -5*r - 4 = -3*q + 7, 0 = -3*q + 3*r + 9. Suppose q*s - 3 + 1 = 0, 5*l - 126 = 4*s. What are the prime factors of l?
2, 13
Suppose -50 = -4*v + 42. Let b be 1/(v/12 - 2). Let k = 18 + b. What are the prime factors of k?
2, 3
Let t = -1 - -2. Let a = t + 4. Suppose 16 = 2*o - 2*s, 20 = 2*o - 5*s - a. What are the prime factors of o?
5
Let j = 136 + 42. List the prime factors of j.
2, 89
Let b = 37 - -1. What are the prime factors of b?
2, 19
Let n = -12 - -17. Let i = -4 - -3. Let q = n - i. List the prime factors of q.
2, 3
Let f be 15 + 4 + -3 + -4. List the prime factors of 11 + f/8*-2.
2
Suppose 3*v = -3*f + 102, 5*f - 98 = -3*v - 0*f. List the prime factors of v.
2, 3
Suppose 5*r + 0*k + 3*k - 17 = 0, -5*k - 1 = r. List the prime factors of r.
2
Let u(v) be the third derivative of 41*v**5/60 - 4*v**2. What are the prime factors of u(1)?
41
Let f(u) = -u**2 - 4*u + 5. Let b(k) = -k. Let g(r) = 6*b(r) - f(r). Suppose -5*t = -2*t - 15. What are the prime factors of g(t)?
2, 5
Let v(y) be the second derivative of y**7/2520 - y**6/80 + y**5/20 + y**4/6 + 2*y. Let a(d) be the third derivative of v(d). What are the prime factors of a(9)?
2, 3
Let r = 747 - 502. List the prime factors of r.
5, 7
Let m = 0 + -8. Let l(h) = -h**2 - 9*h - 1. List the prime factors of l(m).
7
Suppose 0 = o - 0*o - 44. Suppose 4*l + o = 160. Suppose 5*g + 3*j - 4*j - l = 0, -22 = -2*g + 3*j. What are the prime factors of g?
5
Suppose -4*l + 510 + 326 = 0. List the prime factors of l.
11, 19
Let y be 1/4 + (-57)/(-12). Suppose -5*d = -5, y*z + 0*d - 4*d - 56 = 0. What are the prime factors of z?
2, 3
Suppose 2*k + 2 = 2*v, 5*k + 2*v - 5 = 25. List the prime factors of k.
2
Let d = 3 + -1. Suppose -4*o + 5 = d*l + 29, -5*l = -5*o. List the prime factors of (-50)/o - 1/2.
2, 3
Suppose 323 = -8*q + 1011. List the prime factors of q.
2, 43
Let q be (-6)/4 - 486/(-4). Suppose -4*f + 6*f - q = 0. Suppose 2*m + 80 = 5*v, -m + 3*m - f = -5*v. List the prime factors of v.
2, 7
Let n = -6 + -12. List the prime factors of 42/(-4)*24/n.
2, 7
Let r = -9 - -12. Let y(c) = 4*c + 10. List the prime factors of y(r).
2, 11
Let r be (-1)/(-3) - 3/9. Suppose r*j - 2*j + 4*v = -14, 5*v = 5*j - 30. What are the prime factors of j?
5
Let j(r) = -2*r + 6. Let a be j(-10). Let o = -13 + a. List the prime factors of o.
13
Let x(v) = -v**3 - 13*v**2 - 19*v - 25. What are the prime factors of x(-12)?
59
Suppose 3*l + 0*l = -12. List the prime factors of l/24 + 273/18.
3, 5
Suppose 1514 = 4*o + 3*k - 5*k, 5*k + 745 = 2*o. List the prime factors of o.
2, 5, 19
Let q(d) be the third derivative of d**5/60 - d**4/3 + 5*d**2. List the prime factors of q(10).
2, 5
What are the prime factors of (-2)/(-3) - (-255)/9?
29
Let w(c) = c**2 - 15*c - 1. Let y be w(13). Suppose 14 = -5*b - 36. Let m = b - y. What are the prime factors of m?
17
Let n(i) = -4*i + 7. What are the prime factors of n(-10)?
47
Let j = 8 + -5. Let m(b) = b**j + 0*b**2 + 0*b**2 + 7. What are the prime factors of m(0)?
7
Suppose 0 = -5*b - 2*l + 6*l - 15, 0 = 2*b + 2*l - 12. Suppose -2*f - b = -5. Suppose -z = f*h - 15, -3*z + 8*h - 3*h = -23. What are the prime factors of z?
11
Let w = -4 + 10. Suppose k - w = -k. Let y = k + 11. What are the prime factors of y?
2, 7
Let n(f) = -f**2 + 7*f - 2. Suppose -4*d = -21 - 3. Let l be n(d). Suppose a = l*m - 22, -2*a + 16 = 2*m - 5*a. List the prime factors of m.
5
Let x(p) = 4*p + 11. Let j(g) = 5*g + 12. Let n(u) = 6*j(u) - 7*x(u). What are the prime factors of n(10)?
3, 5
Suppose 5*k + 11 = -2*z - 0, 0 = -3*z - 5*k - 14. Let m = z - -10. Suppose b - m + 4 = 0. What are the prime factors of b?
3
Let i be -95*((-27)/(-15))/(-3). List the prime factors of i/4 - (-3)/(-12).
2, 7
Suppose 4*k - 4*a = 4 - 20, -3*a = -5*k - 28. List the prime factors of (k + 11)*17/3.
17
Let u(a) = a**2 - a + 1. Let z be u(1). Let w be (z + 0)*(-3 + 1). What are the prime factors of w/(-8) + (-155)/(-20)?
2
Suppose -5*k + 444 = -q, k + 0*k - 104 = 4*q. What are the prime factors of k?
2, 11
Suppose -4*a = l - 14, -2*a - 5*l + 10 = 3*a. Suppose w - o = 41, 3*w + a*o - 183 = -60. What are the prime factors of w?
41
Let h(i) = i**2 + 6*i + 2. Let j be h(-5). What are the prime factors of (-1)/(j/(-3)) - -10?
3
Suppose -2 = -3*l + r + 4, 0 = -2*l + 3*r + 4. Suppose 2*q - h = 26, -7 = -q + l*h - 0. List the prime factors of q.
3, 5
Let n(a) be the third derivative of a**5/60 - a**4/8 + 2*a**3/3 + a**2. Suppose 5*t + 4*o = -16 + 40, 0 = -5*t + 5*o + 15. What are the prime factors of n(t)?
2
Suppose -3*v + 380 = v. List the prime factors of v.
5, 19
Let r(w) = w**3 + 3*w**2 - w - 1. Let i be r(-3). Suppose -16 = -i*j + j. What are the prime factors of j?
2
Suppose 4*n + 4 = 6*n. Let z be (8/20)/(1/20). What are the prime factors of 90/8 - n/z?
11
Let g be -2*1 + (14 - 6). What are the prime factors of 238/18 + g/(-27)?
13
Suppose -5*b = l - 8 - 27, -l = 4*b - 29. Suppose -m + 15 + b = 0. List the prime factors of m.
3, 7
Suppose 1 = 2*h - 1. Let w(k) = 0 + 0*k + k - h. What are the prime factors of w(3)?
2
List the prime factors of -4 - -48*(-2)/(-1).
2, 23
Suppose -3*s - 4*n - 4 = -0*s, -3*s - n + 8 = 0. Let y = s + -3. Let q(d) = 12*d**2 + d - 1. What are the prime factors of q(y)?
2, 3
Let j(n) be the first derivative of n**4/4 - 3*n**3 + n**2/2 + 3*n - 1. Let p(u) = 2*u - 13. Let x be p(11). List the prime factors of j(x).
2, 3
Let x be (-819)/(-15) + 2/5. Suppose 3*m + 3*t - 5*t - 56 = 0, 0 = 3*m - t - x. What are the prime factors of m?
2, 3
Let x(j) = -j**2 - 6*j - 1. Suppose -3*i + 3 = 9. Let c = -3 + i. What are the prime factors of x(c)?
2
List the prime factors of (2 - 3)*(-2622)/19.
2, 3, 23
Suppose f - 7 = -1. Let b(r) = -1 + r**2 